emainder when 2880 is divided by 43.
42
Calculate the remainder when 32 is divided by 12.
8
Calculate the remainder when 431 is divided by 147.
137
What is the remainder when 157 is divided by 3?
1
Calculate the remainder when 1319 is divided by 30.
29
What is the remainder when 42 is divided by 35?
7
Calculate the remainder when 1796 is divided by 12.
8
What is the remainder when 341 is divided by 112?
5
What is the remainder when 428 is divided by 33?
32
Calculate the remainder when 440 is divided by 21.
20
Calculate the remainder when 983 is divided by 97.
13
What is the remainder when 2431 is divided by 76?
75
What is the remainder when 4978 is divided by 60?
58
Calculate the remainder when 595 is divided by 23.
20
Calculate the remainder when 500 is divided by 496.
4
Calculate the remainder when 177 is divided by 9.
6
Calculate the remainder when 207 is divided by 58.
33
Calculate the remainder when 276 is divided by 36.
24
What is the remainder when 9335 is divided by 14?
11
Calculate the remainder when 1673 is divided by 54.
53
Calculate the remainder when 3188 is divided by 10.
8
Calculate the remainder when 1981 is divided by 654.
19
Calculate the remainder when 4014 is divided by 53.
39
What is the remainder when 318 is divided by 79?
2
Calculate the remainder when 252 is divided by 32.
28
What is the remainder when 1708 is divided by 5?
3
Calculate the remainder when 89 is divided by 24.
17
Calculate the remainder when 2539 is divided by 233.
209
Calculate the remainder when 20063 is divided by 22.
21
Calculate the remainder when 537 is divided by 79.
63
What is the remainder when 352 is divided by 46?
30
What is the remainder when 1074 is divided by 226?
170
Calculate the remainder when 310 is divided by 27.
13
What is the remainder when 124 is divided by 21?
19
What is the remainder when 1104 is divided by 65?
64
Calculate the remainder when 335 is divided by 50.
35
What is the remainder when 1185 is divided by 392?
9
Calculate the remainder when 893 is divided by 23.
19
What is the remainder when 1447 is divided by 9?
7
What is the remainder when 68 is divided by 19?
11
What is the remainder when 1691 is divided by 47?
46
Calculate the remainder when 526 is divided by 16.
14
What is the remainder when 27497 is divided by 22?
19
What is the remainder when 841 is divided by 413?
15
Calculate the remainder when 161 is divided by 54.
53
Calculate the remainder when 603 is divided by 214.
175
Calculate the remainder when 1257 is divided by 185.
147
What is the remainder when 222 is divided by 107?
8
What is the remainder when 5391 is divided by 8?
7
Calculate the remainder when 19 is divided by 11.
8
What is the remainder when 280 is divided by 263?
17
What is the remainder when 277 is divided by 8?
5
What is the remainder when 193 is divided by 37?
8
Calculate the remainder when 2148 is divided by 44.
36
What is the remainder when 212 is divided by 22?
14
What is the remainder when 11691 is divided by 4?
3
Calculate the remainder when 642 is divided by 127.
7
Calculate the remainder when 127 is divided by 56.
15
What is the remainder when 1176 is divided by 1159?
17
What is the remainder when 1155 is divided by 61?
57
What is the remainder when 1363 is divided by 105?
103
Calculate the remainder when 256 is divided by 22.
14
Calculate the remainder when 281 is divided by 57.
53
What is the remainder when 74 is divided by 39?
35
What is the remainder when 43 is divided by 16?
11
What is the remainder when 1104 is divided by 27?
24
Calculate the remainder when 34 is divided by 8.
2
What is the remainder when 1589 is divided by 145?
139
What is the remainder when 462 is divided by 16?
14
Calculate the remainder when 7582 is divided by 292.
282
Calculate the remainder when 430 is divided by 2.
0
What is the remainder when 619 is divided by 78?
73
What is the remainder when 1239 is divided by 106?
73
Calculate the remainder when 1802 is divided by 1798.
4
What is the remainder when 125 is divided by 16?
13
Calculate the remainder when 455 is divided by 56.
7
Calculate the remainder when 178 is divided by 30.
28
What is the remainder when 116 is divided by 32?
20
Calculate the remainder when 129 is divided by 26.
25
What is the remainder when 745 is divided by 249?
247
Calculate the remainder when 5596 is divided by 140.
136
Calculate the remainder when 649 is divided by 116.
69
What is the remainder when 789 is divided by 44?
41
Calculate the remainder when 77 is divided by 41.
36
Calculate the remainder when 122 is divided by 13.
5
Calculate the remainder when 263 is divided by 42.
11
Calculate the remainder when 134 is divided by 6.
2
Calculate the remainder when 2814 is divided by 562.
4
Calculate the remainder when 71 is divided by 9.
8
Calculate the remainder when 1103 is divided by 8.
7
Calculate the remainder when 242 is divided by 121.
0
Calculate the remainder when 157 is divided by 114.
43
What is the remainder when 3104 is divided by 135?
134
What is the remainder when 82 is divided by 21?
19
What is the remainder when 126 is divided by 46?
34
What is the remainder when 204 is divided by 61?
21
Calculate the remainder when 447 is divided by 32.
31
What is the remainder when 53 is divided by 33?
20
What is the remainder when 1977 is divided by 60?
57
What is the remainder when 61465 is divided by 22?
19
Calculate the remainder when 120 is divided by 42.
36
What is the remainder when 358 is divided by 94?
76
Calculate the remainder when 1537 is divided by 81.
79
Calculate the remainder when 987 is divided by 259.
210
What is the remainder when 21 is divided by 11?
10
Calculate the remainder when 71 is divided by 28.
15
Calculate the remainder when 358 is divided by 8.
6
What is the remainder when 48 is divided by 23?
2
What is the remainder when 9164 is divided by 22?
12
Calculate the remainder when 2405 is divided by 599.
9
What is the remainder when 5620 is divided by 1124?
0
Calculate the remainder when 2284 is divided by 388.
344
What is the remainder when 114 is divided by 3?
0
What is the remainder when 142 is divided by 24?
22
Calculate the remainder when 2696 is divided by 135.
131
Calculate the remainder when 88 is divided by 19.
12
What is the remainder when 321 is divided by 26?
9
What is the remainder when 118 is divided by 25?
18
What is the remainder when 111 is divided by 16?
15
What is the remainder when 73 is divided by 31?
11
What is the remainder when 2501 is divided by 508?
469
What is the remainder when 451 is divided by 57?
52
Calculate the remainder when 167 is divided by 89.
78
What is the remainder when 1618 is divided by 759?
100
What is the remainder when 427 is divided by 205?
17
Calculate the remainder when 80 is divided by 38.
4
What is the remainder when 9 is divided by 1?
0
What is the remainder when 924 is divided by 31?
25
Calculate the remainder when 17685 is divided by 134.
131
What is the remainder when 1688 is divided by 10?
8
What is the remainder when 1227 is divided by 82?
79
What is the remainder when 411 is divided by 146?
119
Calculate the remainder when 1005 is divided by 22.
15
Calculate the remainder when 148 is divided by 35.
8
Calculate the remainder when 4065 is divided by 214.
213
Calculate the remainder when 196 is divided by 69.
58
What is the remainder when 2196 is divided by 110?
106
What is the remainder when 94 is divided by 43?
8
What is the remainder when 97 is divided by 53?
44
Calculate the remainder when 440 is divided by 34.
32
What is the remainder when 35 is divided by 5?
0
Calculate the remainder when 929 is divided by 227.
21
What is the remainder when 1233 is divided by 34?
9
What is the remainder when 100 is divided by 78?
22
What is the remainder when 292 is divided by 18?
4
Calculate the remainder when 9 is divided by 3.
0
Calculate the remainder when 65 is divided by 34.
31
Calculate the remainder when 838 is divided by 28.
26
Calculate the remainder when 2529 is divided by 3.
0
Calculate the remainder when 875 is divided by 175.
0
What is the remainder when 334 is divided by 42?
40
What is the remainder when 1046 is divided by 15?
11
What is the remainder when 804 is divided by 209?
177
Calculate the remainder when 408 is divided by 83.
76
Calculate the